(y).
6
Let i(x) be the first derivative of -3*x - 2/3*x**3 + 1/4*x**4 + x**2 + 26. Calculate i(3).
12
Let a = 38 - 35. Let c(f) = -f. Let x(l) = -20*l - 10. Let r(v) = 6*v + 3. Let s(b) = -7*r(b) - 2*x(b). Let w(y) = a*c(y) - 2*s(y). Give w(5).
7
Let p(k) be the first derivative of k**4/4 + 20*k**3/3 + 45*k**2 - 2*k - 7219. What is p(-13)?
11
Let c(s) = -7*s**2 + 24*s**2 + 19 - 2*s**3 - 2*s - 24 + s**3. Determine c(17).
-39
Let p(v) = -6*v**2 - 23*v - 5. Let l(g) = -g**2 - 4*g. Let s(j) = 5*l(j) - p(j). What is s(6)?
59
Suppose p + 2*n = 2, -p + 9*n = 13*n. Let k(i) = 1 + 11*i + 16*i - 39*i + 15*i + p. Give k(-5).
-10
Let s(g) = g**3 + 8*g**2 + 14*g + 22. Let d be s(-6). Let c(y) = -19*y - 23 + d*y + 21 + 6*y. Give c(2).
-8
Let g(b) = -2*b**2 + 7*b - 2. Let t be 11/44 + (-283)/(-4). Suppose 2*j - 81 = -t. Calculate g(j).
-17
Let q be (468/24 + -9)/(3/(-2)). Let z(t) = -t**3 - 7*t**2 - t + 1. Give z(q).
8
Let v(r) = -r**2 - 10*r - 1. Let f be 12/24*(-1 + -1). Let m(g) = -39*g**3 - g. Let p be m(f). Suppose -4*u = -8*u - p. Calculate v(u).
-1
Let l = -4 - -5. Let z(o) = 0*o**2 + 2*o**3 + 2 - l - 2*o**2 + 2*o**3. Let y(x) = 3*x + 32. Let h be y(-11). Calculate z(h).
-5
Suppose -204*y + 125*y = 395. Let k(s) = 115*s + 579. Calculate k(y).
4
Let t(p) = -20*p**2 - 11. Let v(r) = 2*r**3 - 43*r**2 + r - 23. Let d(k) = 13*t(k) - 6*v(k). What is d(-1)?
11
Let g(f) = f**2 + 6*f + 14. Let h be g(-5). Let z be 5 - h - (-12 - 0)/3. Suppose z = -y + 3*y + 4. Let p(m) = 2*m**2 + 2*m + 2. Calculate p(y).
6
Let o(t) = t**3 - 2*t**2 - 10*t - 6. Suppose -5*g + 5*n + 13 = 8*n, 3*g = 4*n + 31. What is o(g)?
19
Suppose 4*g = -6*g + 40. Let k(i) = -7*i + 2*i**3 + 3*i**2 - 3*i**3 - 3 + 18*i - 5*i. What is k(g)?
5
Let o be 41 + (-1)/2*-6. Let s = 45 - o. Let z(a) = a - 3 - s + 2*a - 5*a. What is z(-4)?
4
Let d(z) = -6*z - 34. Let o(q) = 3*q + 17. Let s(t) = 4*d(t) + 9*o(t). Let w be s(-7). Let k be ((-5)/2 - w)*-2. Let f(b) = -6*b + 2. Calculate f(k).
20
Suppose 2*d - 5*r = 36, -4*r - 60 = 4*d - 8*d. Suppose 4*s = d*s - 36. Let u(w) = w**3 - 5*w**2 - w - 2. Give u(s).
-22
Let w(h) = 55 + 22*h + 21*h - 50*h + 11 + 53. Determine w(17).
0
Let x(b) = -b**3 + 6*b**2 - 7. Let d(p) = p**3 + 10*p**2 + 20*p + 22. Let j be d(-9). Let u = 83 + j. Give x(u).
-7
Let w(c) = -c**3 + c**2 + 54*c + 9. Let f be w(8). Let i(j) = -19*j - 126. Give i(f).
7
Suppose -24 = 4*h - 324. Let w = h + -53. Suppose -27*o + w*o = 20. Let p(n) = n**3 + 5*n**2 + 4*n + 6. Determine p(o).
6
Let g(z) = 2*z - 37 - 36 + 0*z + 66. Suppose -6*q + 12 = 2*l - 4*q, 4*l = q + 24. Give g(l).
5
Suppose -49 = -8*m - 25. Let a(z) = -317 + 316 + 2*z - m*z. Calculate a(2).
-3
Let y(s) = s**2 + 10*s + 8. Let t(r) = 3*r - 34. Let w be ((-3)/7)/(2/(-42)). Let f be t(w). Calculate y(f).
-13
Let o(x) = -11*x - 25. Let z(m) = -12*m - 32. Let s(w) = 5*o(w) - 4*z(w). Determine s(-3).
24
Let w(v) = v**3 + 7*v**2 + 6*v - 7. Let p(u) = u**3 + 11*u**2 - 25*u + 21. Let y be p(-13). Suppose 0 = -y*r - 70 + 22. What is w(r)?
-7
Let v(q) = 12*q - 28. Let w be v(9). Let p(a) = -w*a - 2 + 0*a**3 + 83*a + a**3 - a**2 - 2*a**2. Calculate p(3).
7
Let g = -6709 + 6678. Let u(x) = -x**2 - 34*x - 93. Calculate u(g).
0
Let f = -49 + 53. Suppose -5 = -f*j + 7. Let g(u) = -2 + 4 - 7 - u**j - 5*u**2 + 7*u. Determine g(-6).
-11
Let x(s) = -2*s + 26. Suppose 3*n + 12 + 10 = -2*k, 16*n = 0. Determine x(k).
48
Let p(k) = -30*k + 225. Let o be p(7). Let q(d) be the first derivative of d - o + 5/2*d**2 - 1/3*d**3. Determine q(6).
-5
Let q(k) be the third derivative of -11*k**4/24 - k**3/3 + 7*k**2 + 59*k. Calculate q(-2).
20
Let x(s) = 0 + 2 - 13008453*s + 13008452*s. Determine x(7).
-5
Let i be (-5 - -2 - -2)/1. Let d be 12/(-15) + 272/40 + i. Let c(v) = -3*v**2 + 7*v + 1. Give c(d).
-39
Suppose -2*y - 28 = o - 91, 3*o + 5*y = 188. Let k = o + -54. Let m(c) = -2 - 3 + k - 3*c + 16*c. What is m(2)?
28
Let s(o) = -o**3 - 8*o**2 - 2*o - 9. Suppose 2*r = 5*r + 6, -5*a = 2*r - 156. Suppose 4*v = 3*v + 2*z - 12, 5*v + 4*z = -a. Give s(v).
7
Suppose 45*g - 483 = -393. Let p(d) = -27*d + 35. Give p(g).
-19
Let h(l) = 2*l - 4. Let k = 72 - 63. Suppose 5*x - 31 = -3*m, 6*x + 19 = k*x + 2*m. Calculate h(x).
6
Let v(z) be the first derivative of 12*z**2 - 15*z + 2029. Determine v(-3).
-87
Suppose -15*g - 98 - 1942 = 0. Let m = g - -138. Let f(r) = 2*r**2 - 2*r + 2. Determine f(m).
6
Let d be (-2 - 6/(-2))*1. Let x(i) = 67*i**3 + 3*i**2 - i - 3. Let o(u) = 16*u**3 + u**2 - 1. Let t(y) = 4*o(y) - x(y). What is t(d)?
-2
Let k = 4280 - 4288. Let x(q) = q**3 + 7*q**2 - 16*q - 61. Calculate x(k).
3
Let z(l) = -l**3 + 6*l**2 + l - 9. Let u(t) = 6*t + 89. Let i(c) = 4*c + 59. Let g(o) = -7*i(o) + 5*u(o). Let b be g(-13). Give z(b).
-3
Let z(p) = -p**2 - 4*p - 2. Suppose w - 19 = 5*l, -w - 2 + 1 = 5*l. Let k(x) = x**2 - 9*x - 12. Let v be k(w). Let y be v/2 + (-17)/(-17). Calculate z(y).
-7
Let q(l) = -l**3 + 8*l**2 - 8*l + 1. Let g(u) be the second derivative of -u**4/6 - 2*u**3/3 + 8*u**2 - 15*u. Let y be g(-5). Let h = y + 21. What is q(h)?
-6
Suppose -6 = -3*z + z. Suppose b = 3*u - 23, -3*u - z*b + 1 + 2 = 0. Let y(s) be the first derivative of s**4/4 - 5*s**3/3 - s**2 - 7*s - 856. Give y(u).
17
Let z(y) = y**3 + 5*y**2 + 2*y - 5. Suppose 68 = 3*o - 0*k - 4*k, o - 40 = -3*k. Suppose 4*q - 11*q = o. What is z(q)?
3
Let r(n) = -n + 8. Let o be r(6). Let j(i) = 4*i - 2 + 0*i + i**3 + i**o - 4*i**2. Let k = -651 - -654. Give j(k).
10
Let q(m) = 51*m - 4. Let k(d) = -29*d + 2. Let l(s) = -7*k(s) - 3*q(s). What is l(-1)?
-52
Let c(x) = x**2 - 2*x - 8. Suppose 11*a = -3*k + 9*a + 42, -4*a + 24 = 0. Determine c(k).
72
Let z = -31 - -27. Let g be 2 + (-2 - (-160)/z). Let j = g - -43. Let y(n) = n**3 - 5*n**2 + 4*n + 1. Calculate y(j).
-5
Let s(w) = 5*w**2 + 11*w + 15. Let c be s(-5). Suppose 2*z = 85 - c. Let r(v) = v**3 - v**2 - 3. Give r(z).
-3
Let j be (-90)/(-12) + 75/(-50). Let w(g) = -g**2 - 3*g + 3. What is w(j)?
-51
Let x be 8 + 348/(-42) - (-639)/7. Let j(o) = 16*o**2 - 47*o - 2 + x*o - 44*o + o**3. What is j(-16)?
-2
Let o be (-1 + -4)*(-2 + -1). Let q be (18/o)/((-3)/20). Let g(a) be the third derivative of a**4/24 + a**3/3 + 1105*a**2. Give g(q).
-6
Let r = 1133 - 1133. Let b(o) = -o**3 + o**2 - 3*o. Give b(r).
0
Suppose -23*b - 44 = -45*b. Let r be (48/(-30))/(4/(-10)). Let o(j) = -r*j**2 + 0 + 4*j**3 + 2*j**2 - 7 + 5. Determine o(b).
22
Let w(b) = b**2 - 2*b - 28. Let z be w(-5). Let x(r) = -4*r**2 - 7 - 4*r - r**3 - z + 10*r**2 + 9. Let i = 11 - 6. What is x(i)?
0
Let b(f) = -12 - f**2 + 101093*f - 11*f**2 - f**3 - 101109*f. Give b(-11).
43
Let b(c) be the second derivative of -11*c**3/6 - 20*c**2 + 15*c - 1. Calculate b(-4).
4
Let d(v) = -5*v - 5. Let k be d(-4). Let c(h) = -71*h + 77*h - 15*h - 14 + 10*h - 4. Determine c(k).
-3
Let m(h) = h**3 + 2*h**2 + 2*h + 3. Suppose l + 1 = -7*j + 5*j, -l = -2*j - 7. What is m(j)?
-1
Let n be (0 - (-3 + 1)) + 6. Let d(s) = -10830*s**2 + 21808*s**2 - 11 - s + s**3 - 10986*s**2. Determine d(n).
-19
Let w(i) = 88*i + 25. Let n(b) = 74*b + 27. Let h(l) = 7*n(l) - 6*w(l). What is h(4)?
-1
Suppose -4*s = 3*z - 77, 4*s - z - 74 = -3*z. Let m(o) = -5*o + 79. Let f be m(s). Let r(q) = -q**2 - q + 7. Calculate r(f).
-23
Suppose -221*i + 226*i + 43 - 8 = 0. Let b(o) = o**2 + 13*o + 36. Give b(i).
-6
Suppose 0 = 2*j - 3*j + 2*p - 9, -j + p = 11. Let y = -17 - j. Let r(w) = -11*w + 4. Let m(t) = 2*t - 1. Let b(x) = -5*m(x) - r(x). Determine b(y).
-3
Suppose -f + 52 = -14*f. Let b(v) = -v**2 - v + 2. Let a(w) = 3*w - 4. Let g(d) = f*a(d) - 9*b(d). Calculate g(-1).
10
Suppose -3*u - 1 = -13. Let k be (-3 + 5629/(-13))/((-2)/6). Let a(y) = 15*y**2 + k*y - 1307*y - 4 - 16*y**2. What is a(u)?
-16
Let i(j) be the second derivative of 49*j**3/6 + 7*j**2 + 6*j + 255. What is i(-2)?
-84
Let x(k) = -13*k**2 + 21*k + 93. Let l(w) = -5*w**2 + 8*w + 36. Let s(u) = -31*l(u) + 12*x(u). Let o = 22 - 36. Let z be (-52)/o - (-2)/7. What is s(z)?
0
Let p(b) be the third derivative of -17*b**4/24 + 47*b**3/3 - 3761*b**2. What is p(6)?
-8
Let z(j) = 4*j**2 - 25*j - 9. Let k(n) = 2*n**2 - 14*n - 5. Let u(l) = -11*k(l) + 6*z(l). What is u(-5)?
31
Let d(h) = h**3 + 11*h**2 + 9*h + 3. Let v(z) = -z**3 + 8*z**2 - 2*z + 66. Let g be v(8). Suppose -5*x - 2